p - 720 = 2*i + 2766, 4*i - k = -4*p. Is p prime?
False
Suppose 7*v - 122*v = 33*v - 16104028. Is v composite?
True
Let m = 309517 - 164726. Is m prime?
True
Let b(d) = 2*d - 26. Let y be b(8). Let m be ((-7592)/y)/(16/160). Let a = m - 3945. Is a a composite number?
True
Let k(q) = 17*q - 8 + 2*q**3 - 3*q + 4*q**2 - 2*q + 5*q. Let i be k(9). Let s = i + -1314. Is s prime?
True
Let i(v) = -2*v**3 - 334*v**2 + 252*v - 545. Is i(-183) prime?
True
Suppose 915*b + a = 917*b - 55682, b + 4*a = 27841. Is b a prime number?
False
Suppose 101678 = 2*g - 2*k, 3*k - 70585 - 183562 = -5*g. Is g a prime number?
True
Let s = 158003 - 80129. Is 8/12 + s/18 composite?
False
Let k(z) = -259*z + 1. Let i(q) = q**2 + 30*q - 4. Let b be i(-30). Is k(b) composite?
True
Let x = 330480 + -161221. Is x composite?
False
Suppose -4*c = 2*q - 880540, -6*q + 7*q = -4. Is c composite?
True
Let z(r) = -4*r**2 + r - 21. Let h be z(0). Let q = -16 - h. Suppose 82 = k + q*l, -l + 125 = 2*k - 4*l. Is k a prime number?
True
Suppose 2*a + 132 = -a - 2*n, n = 0. Is (-62196)/(-9) - (-4 - a/12) composite?
False
Suppose 3*t - 20037 = -5*b, 0 = -t + 15*b - 20*b + 6669. Let y = -3437 + t. Is y composite?
True
Suppose 273*s - 204945881 + 84311550 = -4*s. Is s composite?
False
Suppose 0 = -2*y - 5*g + 42665, 3*y + 0*y = -5*g + 63990. Suppose 0 = -8*o + 3*o + 115. Suppose -28*x + y = -o*x. Is x a prime number?
False
Is (59 - 54) + 3494824/14 + (-4)/14 composite?
True
Let q be (-88500)/(-84) - (-4)/(-7). Let h = q + -685. Let s = h + -241. Is s a prime number?
True
Let u = -24 + 26. Suppose -u*v + t + 5138 = 0, 4*t + 6580 = 2*v + 1448. Suppose -347 = 4*k + y - v, 4*k - 2208 = -4*y. Is k a composite number?
False
Is 1*2/(-5) + (-680540)/(-100) a prime number?
False
Let a(j) = -2*j**2 + j + 7. Let m be a(4). Let r = 34 + m. Suppose r*y - 14*y + 929 = 0. Is y a prime number?
True
Let w(d) = 32*d**2 - 14*d + 1. Is w(11) a prime number?
True
Let k(h) = 32 - 54 - 1 - 84 - 10 + 262*h. Is k(7) a prime number?
False
Let c be (-3)/(2 + -3 + 2). Let j be 28/c*(-162)/189. Is (-3 - 11044/j)*-2 composite?
False
Let t(l) = -2074*l - 2. Let k be t(-23). Is (-6)/(-39) - k/(-65) prime?
False
Let l = -500727 + 1284766. Is l a prime number?
True
Let c = 25 + -25. Suppose -5*l = 3*x - 9, c*l + 5*x = -3*l + 15. Suppose -4*i + 849 = 3*n, l = -5*n + 4*n + 4*i + 299. Is n a composite number?
True
Suppose -174567 = -z + 2*r, -47*z + 50*z - r = 523706. Is z a prime number?
True
Suppose -40 = -t - 4*t + q, 2*t - q - 16 = 0. Suppose 2880 = t*y - 11192. Is y a composite number?
False
Let l = -326919 - -765358. Is l composite?
False
Let d be 40/(-12) + 3 + 44/6. Suppose 0 = d*y + y - 4*y. Suppose 6447 = -y*h + 7*h. Is h a composite number?
True
Suppose 170 - 6146 = 24*v + 17856. Suppose -b = -0*b + 406. Let l = b - v. Is l a prime number?
True
Is (112/16)/((-18)/(-8434674)) prime?
False
Let z(k) be the first derivative of 22*k**3/3 + k**2 - 10*k + 7. Let b be z(-6). Suppose -3*r - 2*j = -6*j - 459, -5*r = -5*j - b. Is r prime?
True
Suppose -290 - 424 = 7*s. Suppose 8*n + 0*n = 2120. Let h = s + n. Is h a prime number?
True
Let z(x) = -2*x**2 - 13*x - 10. Let v be z(-5). Suppose -v*g + 1738 = -1257. Is g composite?
False
Let b(n) be the second derivative of 5/12*n**4 + 1/3*n**3 + 11/2*n**2 + 16*n + 0. Is b(8) prime?
True
Let m(b) = -47*b + 66. Let i(c) = 48*c - 67. Let o(a) = -3*i(a) - 2*m(a). Is o(-7) a prime number?
True
Suppose -226960 = 29*t - 37*t. Suppose r + 9*r = t. Is r prime?
True
Suppose l - 46 = 20. Let o = 66 - l. Suppose o*c - 5*h = c - 459, 5*h = c - 499. Is c a composite number?
False
Is (-15385875)/500*(-8)/6 a composite number?
True
Let m be -5710*((-2)/(-1) + -3). Suppose 0 = -0*n + 5*n - m. Suppose 0 = g - n - 297. Is g prime?
True
Let k(x) = 34*x + 22. Let u be k(2). Is (u - -3 - -1) + -5 composite?
False
Suppose 22*h - 3404 = -15*h. Let a(n) = n**3 - 4*n**2 - 7*n - 6. Let p be a(6). Suppose -h = p*r - 26*r. Is r a composite number?
True
Let q = 371 + -390. Let u(m) = -m**3 - 19*m**2 - 2*m - 17. Is u(q) composite?
True
Let a = 209481 - 143614. Is a a prime number?
True
Suppose d = 2*d + 4657. Let s = d + 9931. Let m = s + -3021. Is m prime?
False
Suppose 5*a - 36 = -4*a. Suppose -a*r = -s - 41252, 5*r + 2*s - 5*s - 51565 = 0. Is r composite?
False
Suppose -m = 107 - 17. Let c = m + 93. Suppose 0 = 3*y + c*u - 1776, 647 = y - 3*u + 75. Is y a prime number?
True
Let y be ((-2)/4)/((-12)/489864). Let x = -6224 + y. Is x prime?
False
Let i = 383 - 384. Let j(z) = 3253*z**2 + 4*z + 2. Is j(i) a prime number?
True
Let w(v) = v**3 - 13*v**2 + 21*v + 27. Let s be w(11). Suppose 555 = -i + s*i. Is i composite?
False
Suppose 7*d - 50 = -176. Let p(w) = w**3 + 22*w**2 + 8*w + 22. Is p(d) a composite number?
True
Let c(x) = -x**2 + 1. Let f(s) = 680*s**2 + 7*s + 9. Suppose -2*r + 0*q - 10 = -4*q, -5*r - q = -8. Let w(i) = r*f(i) - 2*c(i). Is w(-2) a composite number?
True
Suppose 0 = -y - 5*t + 13 - 2, -5*y + 170 = 2*t. Suppose y*v - 188 = 37*v. Is (5 - (-27)/(-12))/((-1)/v) a composite number?
True
Let r = 579237 + -158326. Is r a composite number?
True
Suppose 13*h - 39*h = -25*h - 315739. Is h a prime number?
True
Let g(a) = -15*a - 27. Let i be g(-3). Suppose 0*c - i = -2*c. Suppose -c*f - 246 + 2361 = 0. Is f prime?
False
Suppose -6*h + 40402 = -2*h + 2*x, 9 = 3*x. Let d = h - -1000. Is d composite?
True
Let z = 6210289 - 4364936. Is z prime?
True
Is 2 + 8 - (-116568 - 69) prime?
False
Let t be (-2 + 186/18)*12. Suppose 108*w - 46328 = t*w. Is w prime?
True
Let t be ((7 - 5)/(-2))/((-2)/2530). Suppose l + 3*j + t = 2*l, 5*l = -3*j + 6289. Is l a prime number?
True
Let c = 302302 + -190880. Is c prime?
False
Let f(g) = 130*g**2 - 38*g - 22. Let s be f(-14). Suppose 0 = 14*n - 91708 - s. Is n a composite number?
True
Suppose -203*m - 171*m + 266923426 = 0. Is m a composite number?
True
Let q(s) = -s**3 - 5*s**2 - 189*s - 1147. Is q(-61) a prime number?
False
Let g(a) = 865*a - 1798. Is g(32) a prime number?
False
Let c = -18910 - -28020. Let j = -3387 + c. Is j a composite number?
True
Is (-160)/880 + (-39 + 1)/(132/(-369882)) a composite number?
True
Suppose 0 = -311*i + 242*i + 16141791. Is i prime?
True
Suppose -5*g + 1797 = -3*s, 4*g - 5*s + 123 - 1571 = 0. Suppose -2*b + a = 238, -4*a = -5*b + 2*b - g. Let w = 294 - b. Is w a prime number?
False
Suppose 0 = -3*u + 5*b + 221516, -15*u + 20*u = -5*b + 369260. Is u a composite number?
False
Let u be (-34)/(-391) + 172713/(-69). Let l = 1708 - -796. Is (-3 - -2)/(l/u + 1) a prime number?
True
Let o(a) = 164*a**2 + 46*a - 809. Is o(32) a composite number?
False
Is ((-83)/(-166))/(-1*(-3)/1999362) a composite number?
False
Let g(w) = -36*w + 5. Let d be g(-7). Let k(f) = f**2 - 4*f - 30. Let j be k(8). Suppose 115 = s + 4*p, j*s = -0*p + p + d. Is s composite?
False
Let h = -24247 + 85458. Is h a prime number?
True
Let h(d) = 107622*d**2 + 19*d + 18. Is h(-1) composite?
False
Let d(g) = 6*g**3 - 14*g**2 + 11*g + 12. Let h be d(10). Suppose h = -11*x + 14831. Is x composite?
False
Let y(i) = 5*i + 18. Let w be y(-3). Suppose t + 91 = 2*d, -t - 33 = -3*d + 53. Is 5 - 9 - w*t a composite number?
True
Let l = -32182 + 75387. Is l a prime number?
False
Let h(i) = -1288*i**3 + i**2 + 62*i + 878. Is h(-9) composite?
True
Suppose 3*h = -2*l + 2553, h = 4*l + 143 + 694. Suppose -5*f + h = p - 4*f, f = 3*p - 2563. Is p composite?
False
Suppose 2*m + 25 = -x, 38 + 7 = -3*m - 4*x. Let s(a) = 40*a**2 - 30*a - 3. Is s(m) prime?
True
Let v = 571239 + -301258. Is v prime?
True
Suppose 17*s = 11*s - 240. Is (-8)/(s/(-25)) - 37560/(-5) a prime number?
True
Let c = 427395 - 282890. Is c prime?
False
Let h = 54932 - 38163. Is h composite?
True
Let o(y) = -4*y - 46. Let c be o(-11). Let a(u) = 29*u**2 + 7*u + 7. Is a(c) a prime number?
True
Suppose 2*c = 3*h - 24, 5*c - 6 = -h + 2. Suppose -175 = -g + 4*t, 3*g - 3*t = h*g - 783. Suppose 3*p - g = -p + 3*f, 5*p = 2*f + 197. Is p a composite number?
True
Let a = -30152 + 63513. Is a a prime number?
False
Let h(j) be the first derivative of -j**3/3 - 11*j**2/2 - 17*j - 3. Let f be h(-9). Is (-2)/(f + -3)*181 composite?
False
Let c(s) = -536*s**3 + 11*s**2 + 6*s + 175. Is c(-8) prime?
True
Suppose 34*a - 2*x + 22 = 35*a, 4*a - 1